?
-121044
In base 5, what is -4444 + 10?
-4434
In base 12, what is 71 + 0?
71
In base 4, what is 202 - 11?
131
In base 16, what is -6c - -2?
-6a
In base 15, what is -1dea + 4?
-1de6
In base 13, what is -4 + -734?
-738
In base 16, what is 8 + 38b?
393
In base 11, what is -5 + 5440?
5436
In base 5, what is -3 + 1344?
1341
In base 7, what is -5 - 221?
-226
In base 2, what is -10 - 10111?
-11001
In base 5, what is -11 + -404?
-420
In base 3, what is 10022 + 10?
10102
In base 7, what is -1 + -6123?
-6124
In base 7, what is 3 - 160?
-154
In base 16, what is 5f2 - -4?
5f6
In base 13, what is 7 + -8c6?
-8bc
In base 3, what is 12 - -1202?
1221
In base 12, what is 4 + 28a?
292
In base 10, what is 3675 - 4?
3671
In base 8, what is -1721 - -3?
-1716
In base 10, what is 19 - -17?
36
In base 3, what is -12010 + 0?
-12010
In base 6, what is 5 + 5040?
5045
In base 13, what is -4 - -1b02?
1acb
In base 2, what is 10011100 + -1?
10011011
In base 9, what is 2 + 532?
534
In base 7, what is -4 - 14341?
-14345
In base 10, what is 201 - -3?
204
In base 3, what is 12 + 1212?
2001
In base 14, what is a - -d?
19
In base 2, what is -10 + 100?
10
In base 3, what is -12 - 1220?
-2002
In base 12, what is 4 - -93?
97
In base 13, what is 8 + 1cc?
207
In base 2, what is 10001110 + -1000?
10000110
In base 12, what is -2 - 2257?
-2259
In base 4, what is 22030 + -10?
22020
In base 16, what is -6d + 7?
-66
In base 12, what is -3 - 51a?
-521
In base 16, what is -1a5 + 19?
-18c
In base 2, what is 11010101101 - -11?
11010110000
In base 8, what is 741 + -4?
735
In base 9, what is 4 - 7038?
-7034
In base 11, what is 0 + 671?
671
In base 14, what is -555 - -6?
-54d
In base 9, what is 1317 + 3?
1321
In base 4, what is -301022 - 3?
-301031
In base 14, what is b + 4?
11
In base 14, what is 5 + 154?
159
In base 3, what is -1 + 11212?
11211
In base 8, what is -2171 - 3?
-2174
In base 7, what is -12 - -516?
504
In base 16, what is 5 - -1b?
20
In base 14, what is -c9b + 4?
-c97
In base 4, what is -11010 + -10?
-11020
In base 3, what is -12 + -1012?
-1101
In base 12, what is 81 - -2?
83
In base 7, what is -626 - 10?
-636
In base 4, what is 11 - 10?
1
In base 12, what is -90b + 3?
-908
In base 11, what is -4396 + -5?
-43a0
In base 4, what is 22 - -1100?
1122
In base 11, what is -50 - -a?
-41
In base 3, what is 1021 + 12211?
21002
In base 13, what is 16 + 34?
4a
In base 11, what is -30 + -7?
-37
In base 7, what is 313344 + -5?
313336
In base 6, what is 5 + 3421?
3430
In base 11, what is 0 + -344?
-344
In base 10, what is -17676 - 4?
-17680
In base 4, what is -1030 + -11?
-1101
In base 8, what is 2 + 4703?
4705
In base 2, what is 1001011 - 10011?
111000
In base 3, what is 102121120 - 2?
102121111
In base 3, what is -2 - 10000001?
-10000010
In base 3, what is -1202 - -2102?
200
In base 14, what is -3b + 76?
39
In base 5, what is -203 + -102?
-310
In base 3, what is 20002 - 10?
12222
In base 7, what is 506 - -23?
532
In base 13, what is 5 - 8a?
-85
In base 13, what is -1 + -aa?
-ab
In base 5, what is 34 + 10?
44
In base 9, what is -8 + 66?
57
In base 10, what is -15 + -3?
-18
In base 14, what is 1 - -46?
47
In base 16, what is 2 - -861?
863
In base 2, what is -10000000011 + 101?
-1111111110
In base 6, what is -5 - 3?
-12
In base 14, what is 103 - -8?
10b
In base 3, what is 12 + 100120?
100202
In base 15, what is -46 + -1a?
-61
In base 8, what is -210 - 1?
-211
In base 3, what is -1110 - -1121?
11
In base 6, what is 5 - 43?
-34
In base 2, what is 100 - 101010101?
-101010001
In base 6, what is 540 + -3?
533
In base 13, what is 414 - 5?
40c
In base 8, what is 4 - 50?
-44
In base 7, what is 33161 + -2?
33156
In base 3, what is 0 + -102001?
-102001
In base 14, what is -2 - -21?
1d
In base 6, what is -13 + 1050?
1033
In base 16, what is -33cc + 4?
-33c8
In base 4, what is 0 - -1100?
1100
In base 8, what is -145 + 5?
-140
In base 10, what is 88 + -1?
87
In base 7, what is 6 + 55?
64
In base 11, what is -3 - a4?
-a7
In base 8, what is 5 - 72?
-65
In base 5, what is 123 - 10?
113
In base 14, what is -4c + -49?
-97
In base 16, what is 10d - 4?
109
In base 11, what is 2 - -2?
4
In base 6, what is 1104 + 0?
1104
In base 14, what is 0 - -194b?
194b
In base 14, what is ad - -3?
b2
In base 10, what is -3 + -206?
-209
In base 6, what is 2 - -111?
113
In base 5, what is -303 + 113?
-140
In base 13, what is 14 - -2?
16
In base 14, what is 31b + -4?
317
In base 6, what is -4 - -122?
114
In base 15, what is 80 - 5?
7a
In base 10, what is -1469 - -1?
-1468
In base 10, what is -1 + -392?
-393
In base 2, what is -111010100 - 0?
-111010100
In base 10, what is 398 + -4?
394
In base 5, what is -1312 - 43?
-1410
In base 11, what is 661 - 4?
658
In base 4, what is 1 - -331233?
331300
In base 7, what is -46 - -506?
430
In base 15, what is a9d - -2?
aa0
In base 10, what is -450 - 0?
-450
In base 9, what is -30685 + -5?
-30701
In base 14, what is 4ba + -5?
4b5
In base 8, what is 2726 + 0?
2726
In base 4, what is 22310 - 11?
22233
In base 5, what is -3 + 2103?
2100
In base 15, what is -9 + 3e?
35
In base 7, what is -41 + 20?
-21
In base 3, what is 12221 - 0?
12221
In base 3, what is -11 + 1000?
212
In base 14, what is 5 - -81?
86
In base 5, what is -233 - 4?
-242
In base 12, what is -4 - 2b8?
-300
In base 3, what is 1220020 + -11?
1220002
In base 3, what is -1102002112 + -12?
-1102002201
In base 8, what is -551 + -4?
-555
In base 8, what is 0 + -46?
-46
In base 7, what is -363145 + 5?
-363140
In base 7, what is 4 + -535?
-531
In base 3, what is 2121202 + -2?
2121200
In base 3, what is -1110 - 1101?
-2211
In base 10, what is 127 - 312?
-185
In base 2, what is 10000 - -101110?
111110
In base 6, what is -112 + 41?
-31
In base 5, what is -121 + -203?
-324
In base 3, what is -10 + 1202?
1122
In base 6, what is 123122 - 3?
123115
In base 10, what is -420 - 0?
-420
In base 16, what is 1 + -946?
-945
In base 4, what is -2 - -301?
233
In base 6, what is -5 + 20322?
20313
In base 12, what is -4b + 103?
74
In base 16, what is -6b1 - -3?
-6ae
In base 9, what is 0 + -3251?
-3251
In base 6, what is 101 - -52?
153
In base 16, what is -172 + 5?
-16d
In base 9, what is -60 - 1?
-61
In base 3, what is 2012 - -220?
10002
In base 15, what is 7a - -6?
81
In base 14, what is 1a0 + -1?
19d
In base 11, what is 3 - 24?
-21
In base 12, what is -1 - 6?
-7
In base 12, what is -1a6 + 3?
-1a3
In base 8, what is 105 + 5?
112
In base 3, what is 121 - 120?
1
In base 2, what is 1 - 1101010101?
-1101010100
In base 15, what is -233 - 14?
-247
In base 2, what is -1111 + 100?
-1011
In base 10, what is -111 - -63?
-48
In base 13, what is -3 - -16?
13
In base 9, what is -773 + 17?
-755
In base 8, what is 64077 + -3?
64074
In base 9, what is -1378 + -2?
-1381
In base 10, what is -1530 + -3?
-1533
In base 7, what is 1602 + 0?
1602
In base 6, what is -145 + 1?
-144
In base 12, what is -2b + 4?
-27
In base 11, what is -6 + -32?
-38
In base 3, what is -10 + 11000?
10220
In base 4, what is 302 + 1?
303
In base 12, what is 98 - 3?
95
In base 4, what is 31 + -20100?
-20003
In base 4, what is 1111 - 1122?
-11
In base 3, what is 0 - 10021?
-10021
In base 14, what is -1 - 52c?
-52d
In base 2, what is -1001111 + 1001?
-1000110
In base 11, what is -337 + 4?
-333
In base 16, what is -a - -3?
-7
In base 8, what is -3 + 2127?
2124
In base 12, what is -1 + 13?
12
In base 6, what is -444 + -12?
-500
In base 5, what is 3443 - 31?
3412
In base 14, what is -7a4 - 2?
-7a6
In base 8, what is -76 + 20?
-56
In base 6, what is -410 - -10?
-400
In base 10, what is 19 - 0?
19
In base 6, what is 255 + -2?
253
In base 3, what is -11 - 101210?
-101221
In base 3, what is 12222 + -10?
12212
In base 10, what is 25 + -86?
-61
In base 16, what is 250 + -5?
24b
In base 11, what is 9 + 0?
9
In base 14, what is -11 - 4c?
-5d
In base 4, what is 202300 - -23?
202323
In base 14, what is b + -7?
4
In base 6, what is -2 + -42?
-44
In base 6, what is -13023 - 22?
-13045
In base 15, what is -1b + 4?
-17
In base 14, what is -5d + 0?
-5d
In base 4, what is -11 - 3?
-20
In base 16, what is 6a + ce?
138
In base 5, what is -213 + 0?
-213
In base 8, what is -111 + -125?
-236
In base 11, what is -66 - 22?
-88
In base 10, what is 2043 + 1?
2044
In base 2, what is 10001 - -10001?
100010
In base 7, what is 2 - -1331?
13